{"id":310,"date":"2021-07-30T11:23:02","date_gmt":"2021-07-30T09:23:02","guid":{"rendered":"https:\/\/abclap.webd.pro\/serwislaptopow\/?page_id=310"},"modified":"2023-01-08T15:12:48","modified_gmt":"2023-01-08T14:12:48","slug":"uslugi","status":"publish","type":"page","link":"https:\/\/abclap.pl\/serwislaptopow\/uslugi\/","title":{"rendered":"Us\u0142ugi"},"content":{"rendered":"\n<h2 class=\"wp-block-heading\">Us\u0142ugi serwisowe &#8211; szczeg\u00f3\u0142y<\/h2>\n\n\n\n<p><\/p>\n\n\n<p>Koszt naprawy laptopa jest uzale\u017cniony od wyst\u0119puj\u0105cej usterki i z\u0142o\u017cono\u015bci jej usuni\u0119cia. <strong>Diagnoza uszkodzenia jest u nas bezp\u0142atna<\/strong>, po wycenie i zatwierdzeniu przez Pa\u0144stwa koszt\u00f3w, przyst\u0119pujemy do realizacji naprawy, kt\u00f3ra trwa zwykle do kilku dni roboczych. Urz\u0105dzenie mo\u017cna dostarczy\u0107 osobi\u015bcie do naszej siedziby lub zg\u0142osi\u0107 zlecenie odbioru przez <a href=\"https:\/\/naprawiam.online\/panel\/bvfykd\" data-wplink-edit=\"true\">formularz internetowy<\/a> lub telefonicznie <a href=\"#\">+48 510 213 268<\/a><\/p>\n\n\n<div class=\"wp-block-columns is-layout-flex wp-container-core-columns-is-layout-9d6595d7 wp-block-columns-is-layout-flex\">\n<div class=\"wp-block-column is-layout-flow wp-block-column-is-layout-flow\">\n<h2 class=\"wp-block-heading\">Uszkodzenia MECHANICZNE<\/h2>\n\n\n\n<ul class=\"wp-block-list\">\n<li><a href=\"https:\/\/abclap.webd.pro\/serwislaptopow\/wymiana-matrycy-lcd\/\">Wymiana matrycy LCD<\/a><\/li>\n\n\n\n<li><a href=\"https:\/\/abclap.webd.pro\/serwislaptopow\/naprawa-podswietlenia-matrycy-lcd\/\">Naprawa pod\u015bwietlenia matrycy<\/a><\/li>\n\n\n\n<li><a href=\"https:\/\/abclap.webd.pro\/serwislaptopow\/naprawa-wymiana-zawiasow-w-laptopie\/\">Naprawa\/wymiana zawias\u00f3w<\/a><\/li>\n\n\n\n<li><a href=\"https:\/\/abclap.webd.pro\/serwislaptopow\/naprawa-wymiana-obudowy-laptopa\/\">Naprawa\/wymiana obudowy, klapy, ramki<\/a><\/li>\n\n\n\n<li><a href=\"https:\/\/abclap.webd.pro\/serwislaptopow\/wymiana-tasmy-lcd\/\">Wymiana ta\u015bmy LCD<\/a><\/li>\n\n\n\n<li><a href=\"https:\/\/abclap.webd.pro\/serwislaptopow\/czyszczenie-laptopa-po-zalaniu\/\">Czyszczenie laptopa po zalaniu<\/a><\/li>\n\n\n\n<li><a href=\"https:\/\/abclap.webd.pro\/serwislaptopow\/wymiana-klawiatury\/\">Wymiana klawiatury<\/a><\/li>\n\n\n\n<li><a href=\"https:\/\/abclap.webd.pro\/serwislaptopow\/wymiana-touchpada\/\">Wymiana touchpada<\/a><\/li>\n\n\n\n<li><a href=\"https:\/\/abclap.webd.pro\/serwislaptopow\/wymiana-wentylatora-radiatora-w-laptopie\/\">Wymiana wentylatora\/radiatora<\/a><\/li>\n\n\n\n<li><a href=\"https:\/\/abclap.webd.pro\/serwislaptopow\/wymiana-portu-usb-lan-w-laptopie\/\">Wymiana port\u00f3w USB,LAN,AUDIO,DISPLAY<\/a><\/li>\n<\/ul>\n<\/div>\n\n\n\n<div class=\"wp-block-column is-layout-flow wp-block-column-is-layout-flow\">\n<h2 class=\"wp-block-heading\">Uszkodzenia ELEKTRONICZNE<\/h2>\n\n\n\n<ul class=\"wp-block-list\">\n<li><a href=\"https:\/\/abclap.webd.pro\/serwislaptopow\/naprawa-wymiana-gniazda-zasilania\/\">Naprawa\/wymiana gniazda zasilania<\/a><\/li>\n\n\n\n<li><a href=\"https:\/\/abclap.webd.pro\/serwislaptopow\/naprawa-ukladu-ladowania-w-laptopie\/\">Naprawa uk\u0142adu \u0142adowania baterii<\/a><\/li>\n\n\n\n<li><a href=\"https:\/\/abclap.webd.pro\/serwislaptopow\/naprawa-ukladu-zasilania\/\">Naprawa uk\u0142adu zasilania laptopa<\/a><\/li>\n\n\n\n<li><a href=\"https:\/\/abclap.webd.pro\/serwislaptopow\/naprawa-zasilaczy\/\">Naprawa zasilaczy<\/a><\/li>\n\n\n\n<li><a href=\"https:\/\/abclap.webd.pro\/serwislaptopow\/wymiana-ukladow-smd-i-bga\/\">Wymiana element\u00f3w elektronicznych SMD,THT,SMT,BGA<\/a><\/li>\n\n\n\n<li><a href=\"https:\/\/abclap.webd.pro\/serwislaptopow\/wymiana-pamieci-gddr-w-karcie-graficznej\/\">Wymiana pami\u0119ci VRAM GDDR3,GDDR4,GDDR5,GDDR6<\/a><\/li>\n<\/ul>\n<\/div>\n\n\n\n<div class=\"wp-block-column is-layout-flow wp-block-column-is-layout-flow\">\n<h2 class=\"wp-block-heading\">Serwis OPROGRAMOWANIA<\/h2>\n\n\n\n<ul class=\"wp-block-list\">\n<li><a href=\"https:\/\/abclap.webd.pro\/serwislaptopow\/instalacja-systemu-windows\/\">Instalacja system\u00f3w operacyjnych Windows\/Linux<\/a><\/li>\n\n\n\n<li><a href=\"https:\/\/abclap.webd.pro\/serwislaptopow\/optymalizacja-przyspieszenie-laptopa\/\">Optymalizacja systemu, przy\u015bpieszanie<\/a><\/li>\n\n\n\n<li><a href=\"https:\/\/abclap.webd.pro\/serwislaptopow\/usuwanie-wirusow-trojanow-i-spyware\/\">Usuwanie wirus\u00f3w, trojan\u00f3w i spyware.<\/a><\/li>\n\n\n\n<li><a href=\"https:\/\/abclap.webd.pro\/serwislaptopow\/aktualizacja-biosu-w-laptopie-pc\/\">Aktualizacja oprogramowania BIOS<\/a><\/li>\n\n\n\n<li><a href=\"https:\/\/abclap.webd.pro\/serwislaptopow\/programowanie-bios-u-w-laptopie-pc\/\">Programowanie BIOS, SPI\/FLASH<\/a><\/li>\n\n\n\n<li><a href=\"https:\/\/abclap.webd.pro\/serwislaptopow\/odzyskiwanie-danych\/\">Odzyskiwanie danych <\/a><\/li>\n<\/ul>\n<\/div>\n<\/div>\n\n\n\n<div class=\"wp-block-columns is-layout-flex wp-container-core-columns-is-layout-9d6595d7 wp-block-columns-is-layout-flex\">\n<div class=\"wp-block-column is-layout-flow wp-block-column-is-layout-flow\">\n<h2 class=\"wp-block-heading\">Uszkodzenia UK\u0141ADU CH\u0141ODZENIA<\/h2>\n\n\n\n<ul class=\"wp-block-list\">\n<li><a href=\"https:\/\/abclap.webd.pro\/serwislaptopow\/konserwacja-ukladu-chlodzenia-czyszczenie-laptopa-pc\/\">Czyszczenie i konserwacja ch\u0142odzenia<\/a><\/li>\n\n\n\n<li><a href=\"https:\/\/abclap.webd.pro\/serwislaptopow\/wymiana-wentylatora-w-laptopie\/\">Wymiana wentylatora w laptopie\/PC<\/a><\/li>\n\n\n\n<li><a href=\"https:\/\/abclap.webd.pro\/serwislaptopow\/wymiana-radiatora-w-komputerze\/\">Wymiana radiatora<\/a><\/li>\n\n\n\n<li><a href=\"https:\/\/abclap.webd.pro\/serwislaptopow\/wymiana-czujnika-pwm-w-komputerze\/\">Wymiana czujnika temperatury PWM<\/a><\/li>\n<\/ul>\n<\/div>\n\n\n\n<div class=\"wp-block-column is-layout-flow wp-block-column-is-layout-flow\">\n<h2 class=\"wp-block-heading\">Naprawy BAZOWE<\/h2>\n\n\n\n<ul class=\"wp-block-list\">\n<li><a href=\"https:\/\/abclap.webd.pro\/serwislaptopow\/wymiana-podzespolow-komputerowych\/\">Wymiana podzespo\u0142\u00f3w CPU,RAM,HDD,SSD<\/a><\/li>\n\n\n\n<li><a href=\"https:\/\/abclap.webd.pro\/serwislaptopow\/wymiana-baterii-bios-rtc-cmos\/\">Wymiana baterii RTC\/CMOS<\/a><\/li>\n\n\n\n<li><a href=\"https:\/\/abclap.webd.pro\/serwislaptopow\/wymiana-kamerki-internetowej\/\">Wymiana kamery internetowej<\/a><\/li>\n\n\n\n<li><a href=\"https:\/\/abclap.webd.pro\/serwislaptopow\/wymiana-mikrofonu-w-notebooku\/\">Wymiana mikrofonu<\/a><\/li>\n\n\n\n<li><a href=\"https:\/\/abclap.webd.pro\/serwislaptopow\/naprawa-plyt-glownych-laptopow\/\">Wymiana\/naprawa p\u0142yt g\u0142\u00f3wnych<\/a><\/li>\n\n\n\n<li><a href=\"https:\/\/abclap.webd.pro\/serwislaptopow\/montaz-komputera-pc-skladanie-upgrade\/\">Sk\u0142adanie komputer\u00f3w pod zam\u00f3wienie, tuning PC.<\/a><\/li>\n<\/ul>\n<\/div>\n\n\n\n<div class=\"wp-block-column is-layout-flow wp-block-column-is-layout-flow\">\n<h2 class=\"wp-block-heading\">Naprawiane MARKI LAPTOP\u00d3W<\/h2>\n\n\n\n<ul class=\"wp-block-list\">\n<li><a href=\"https:\/\/abclap.webd.pro\/serwislaptopow\/naprawa-laptopow-acer\/\">Serwis laptop\u00f3w ACER<\/a><\/li>\n\n\n\n<li><a href=\"https:\/\/abclap.webd.pro\/serwislaptopow\/naprawa-laptopow-asus\/\">Serwis laptop\u00f3w ASUS<\/a><\/li>\n\n\n\n<li><a href=\"https:\/\/abclap.webd.pro\/serwislaptopow\/naprawa-laptopow-dell\/\">Serwis laptop\u00f3w DELL<\/a><\/li>\n\n\n\n<li><a href=\"https:\/\/abclap.webd.pro\/serwislaptopow\/naprawa-laptopow-samsung\/\">Serwis laptop\u00f3w SAMSUNG<\/a><\/li>\n\n\n\n<li><a href=\"https:\/\/abclap.webd.pro\/serwislaptopow\/naprawa-laptopow-lenovo\/\">Serwis laptop\u00f3w LENOVO<\/a><\/li>\n\n\n\n<li><a href=\"https:\/\/abclap.webd.pro\/serwislaptopow\/naprawa-laptopow-hewlett-packard-hp\/\">Serwis laptop\u00f3w HP<\/a><\/li>\n\n\n\n<li><a href=\"https:\/\/abclap.webd.pro\/serwislaptopow\/naprawa-laptopow-msi\/\">Serwis laptop\u00f3w MSI<\/a><\/li>\n\n\n\n<li><a href=\"https:\/\/abclap.webd.pro\/serwislaptopow\/naprawa-laptopow-sony-vaio\/\">Serwis laptop\u00f3w SONY <\/a><\/li>\n\n\n\n<li><a href=\"https:\/\/abclap.webd.pro\/serwislaptopow\/naprawa-laptopow-toshiba\/\">Serwis laptop\u00f3w TOSHIBA<\/a><\/li>\n\n\n\n<li><a href=\"https:\/\/abclap.webd.pro\/serwislaptopow\/naprawa-laptopow-fujitsu-siemens\/\">Serwis laptop\u00f3w FUJITSU SIEMENS<\/a><\/li>\n<\/ul>\n<\/div>\n<\/div>\n\n\n\n<h2 class=\"wp-block-heading\">Serwis i naprawa konsol Xbox, PlayStation<\/h2>\n\n\n\n<ul class=\"wp-block-list\">\n<li>Kompleksowe czyszczenie, konserwacja konsol XBOX 360, XBOX One, XBOX series, Playstation 3, 4, 5<\/li>\n\n\n\n<li>Konsola nie wy\u015bwietla obrazu, uszkodzenie portu HDMI, uszkodzenie uk\u0142adu skaluj\u0105cego retimer <\/li>\n\n\n\n<li>Naprawa, regeneracja wyrwanych gniazd m.in od ta\u015bm, wentylator\u00f3w, z\u0142\u0105cz 5V<\/li>\n\n\n\n<li>Konsola po przepi\u0119ciach, zwarciach &#8211; nie uruchamia si\u0119.<\/li>\n\n\n\n<li>Naprawa, wymiana zasilaczy PSU w konsolach XBOX\/Playstation<\/li>\n\n\n\n<li>Naprawa BLOD (<strong>Blue Light Of Death<\/strong>) &#8211; niebieska dioda \u015bmierci PS4<\/li>\n\n\n\n<li>Naprawa pad\u00f3w Dualshock 4, Dualsense &#8211; m.in wymiana analog\u00f3w, wymiana wbudowanych baterii.<\/li>\n<\/ul>\n","protected":false},"excerpt":{"rendered":"<p>Us\u0142ugi serwisowe &#8211; szczeg\u00f3\u0142y Koszt naprawy laptopa jest uzale\u017cniony od wyst\u0119puj\u0105cej usterki i z\u0142o\u017cono\u015bci jej usuni\u0119cia. Diagnoza uszkodzenia jest u nas bezp\u0142atna, po wycenie i zatwierdzeniu przez Pa\u0144stwa koszt\u00f3w, przyst\u0119pujemy do realizacji naprawy, kt\u00f3ra trwa zwykle do kilku dni roboczych. Urz\u0105dzenie mo\u017cna dostarczy\u0107 osobi\u015bcie do naszej siedziby lub zg\u0142osi\u0107 zlecenie odbioru przez formularz internetowy lub [&hellip;]<\/p>\n","protected":false},"author":1,"featured_media":0,"parent":0,"menu_order":0,"comment_status":"closed","ping_status":"closed","template":"templates\/fullwidth.php","meta":{"ngg_post_thumbnail":0,"footnotes":""},"class_list":["post-310","page","type-page","status-publish","hentry"],"rttpg_featured_image_url":null,"rttpg_author":{"display_name":"Krzysztof vel Kadulski","author_link":"https:\/\/abclap.pl\/serwislaptopow\/author\/abclap\/"},"rttpg_comment":0,"rttpg_category":null,"rttpg_excerpt":"Us\u0142ugi serwisowe &#8211; szczeg\u00f3\u0142y Koszt naprawy laptopa jest uzale\u017cniony od wyst\u0119puj\u0105cej usterki i z\u0142o\u017cono\u015bci jej usuni\u0119cia. Diagnoza uszkodzenia jest u nas bezp\u0142atna, po wycenie i zatwierdzeniu przez Pa\u0144stwa koszt\u00f3w, przyst\u0119pujemy do realizacji naprawy, kt\u00f3ra trwa zwykle do kilku dni roboczych. Urz\u0105dzenie mo\u017cna dostarczy\u0107 osobi\u015bcie do naszej siedziby lub zg\u0142osi\u0107 zlecenie odbioru przez formularz internetowy lub&hellip;","_links":{"self":[{"href":"https:\/\/abclap.pl\/serwislaptopow\/wp-json\/wp\/v2\/pages\/310","targetHints":{"allow":["GET"]}}],"collection":[{"href":"https:\/\/abclap.pl\/serwislaptopow\/wp-json\/wp\/v2\/pages"}],"about":[{"href":"https:\/\/abclap.pl\/serwislaptopow\/wp-json\/wp\/v2\/types\/page"}],"author":[{"embeddable":true,"href":"https:\/\/abclap.pl\/serwislaptopow\/wp-json\/wp\/v2\/users\/1"}],"replies":[{"embeddable":true,"href":"https:\/\/abclap.pl\/serwislaptopow\/wp-json\/wp\/v2\/comments?post=310"}],"version-history":[{"count":81,"href":"https:\/\/abclap.pl\/serwislaptopow\/wp-json\/wp\/v2\/pages\/310\/revisions"}],"predecessor-version":[{"id":1573,"href":"https:\/\/abclap.pl\/serwislaptopow\/wp-json\/wp\/v2\/pages\/310\/revisions\/1573"}],"wp:attachment":[{"href":"https:\/\/abclap.pl\/serwislaptopow\/wp-json\/wp\/v2\/media?parent=310"}],"curies":[{"name":"wp","href":"https:\/\/api.w.org\/{rel}","templated":true}]}}