{"id":3192,"date":"2025-01-27T12:38:08","date_gmt":"2025-01-27T11:38:08","guid":{"rendered":"https:\/\/abclap.webd.pro\/serwislaptopow\/?page_id=3192"},"modified":"2025-01-29T07:37:59","modified_gmt":"2025-01-29T06:37:59","slug":"pogotowie-komputerowe","status":"publish","type":"page","link":"https:\/\/abclap.pl\/serwislaptopow\/pogotowie-komputerowe\/","title":{"rendered":"Pogotowie Komputerowe"},"content":{"rendered":"[vc_row][vc_column][vc_column_text]\r\n<h3>Pogotowie Komputerowe &#8211; Szybka naprawa w nag\u0142ych przypadkach z DOJAZDEM!<\/h3>\r\nPotrzebujesz <strong>szybkiej naprawy laptopa<\/strong> lub <strong>komputera PC<\/strong> w <strong>Krakowie<\/strong>? Nasze <strong>Pogotowie Komputerowe<\/strong> oferuje profesjonaln\u0105 pomoc w zakresie naprawy laptop\u00f3w, komputer\u00f3w stacjonarnych, usuwania wirus\u00f3w, napraw\u0119 system\u00f3w po nieudanych aktualizacjach oraz instalacji oprogramowania czy napraw\u0119 sieci internetowej w domu lub w firmie.\r\n\r\n<strong>Pogotowie komputerowe<\/strong> &#8211; to us\u0142uga serwisowa \u015bwiadczona dla Pa\u0144stwa w <strong>nag\u0142ych przypadkach serwisowych<\/strong> wymagaj\u0105cych zrealizowania naprawy w mo\u017cliwie jak najkr\u00f3tszym czasie na miejscu u Pa\u0144stwa w miar\u0119 mo\u017cliwo\u015bci technicznych wraz z dojazdem naszego technika IT na miejsce awarii.\r\n<h4><span style=\"color: #ff0000;\"><span style=\"color: #000000;\">Serwis z dojazdem do klienta dost\u0119pny jest od <\/span><strong>pon-pt: 9-18 <\/strong><span style=\"color: #000000;\">oraz od <\/span><strong>pon-czw: 18-22<\/strong><\/span>&nbsp;<\/h4>\r\n<h3>Jakie us\u0142ugi jeste\u015bmy w stanie wykona\u0107 na miejscu:<\/h3>\r\n<ul>\r\n \t<li>Naprawy zwi\u0105zane z oprogramowaniem Windows<\/li>\r\n \t<li>Instalacja i konfiguracja program\u00f3w komputerowych<\/li>\r\n \t<li>Optymalizacje, usuwanie wirus\u00f3w, przy\u015bpieszenie.<\/li>\r\n \t<li>Zgranie danych po awarii systemu.<\/li>\r\n \t<li>Konserwacja \/ czyszczenie uk\u0142adu ch\u0142odzenia ( wymiana past, termopad\u00f3w itp ) w Laptopie, PC<\/li>\r\n \t<li>Konfiguracja sieci w tym ponowna konfiguracja lub wymiana router\u00f3w.<\/li>\r\n \t<li>Konfiguracja Drukarek<\/li>\r\n \t<li>Wszelkie inne usterki ustalane s\u0105 telefonicznie.<\/li>\r\n<\/ul>\r\n<h3>&nbsp;Cennik us\u0142ug Pogotowia Komputerowego w Krakowie:<\/h3>\r\n<ul>\r\n \t<li>Koszt dojazdu serwisu do klienta na terenie Krakowa <strong>+50z\u0142&nbsp; ( <\/strong>dojazd poza m. Krak\u00f3w +<strong>2z\u0142\/km )<\/strong><\/li>\r\n \t<li>Naprawy SOFTWARE ( zwi\u0105zane z przegl\u0105dem, napraw\u0105, optymalizacj\u0105 systemu Windows ) &#8211; <strong>300z\u0142<\/strong><\/li>\r\n \t<li>Naprawy HARDWARE ( Kompleksowa konserwacja LAPTOPA\/PC, wymiana past, testy itp. ) &#8211; <strong>300z\u0142&nbsp;<\/strong><\/li>\r\n \t<li>Pomoc Zdalna &#8211; <strong>do 1h<\/strong> pracy technika <strong>200z\u0142&nbsp;<\/strong>( w tym czasie technik mo\u017ce zoptymalizowa\u0107 system, przy\u015bpieszy\u0107 go, odwirusowa\u0107, skonfigurowa\u0107 programy, sprawdzi\u0107 zabezpieczenia lub zainstalowa\u0107 wskazane oprogramowanie itp. )&nbsp;<\/li>\r\n \t<li>Pod\u0142\u0105czenie i konfiguracja drukarki do Laptopa \/ PC &#8211; <strong>200z\u0142<\/strong><\/li>\r\n<\/ul>\r\n<span style=\"color: #008000;\"><strong>Us\u0142ugi w pakiecie s\u0105 ta\u0144sze o 10-20% &#8211; dok\u0142adna wycena zawsze ustalana jest telefonicznie przed przyjazdem technika.&nbsp;<\/strong><\/span>\r\n\r\n*&nbsp; Podane ceny wyra\u017cone s\u0105 w kwocie brutto, zawieraj\u0105 23% podatek VAT.\r\n*&nbsp; Cennik ma charakter orientacyjny i nie stanowi oferty w rozumieniu Kodeksu Cywilnego. Ostateczne ceny us\u0142ug s\u0105 ustalane indywidualnie po wst\u0119pnej rozmowie telefonicznej i przedstawieniu problemu.&nbsp;\r\n* Cennik nie zawiera koszt\u00f3w ewentualnych cz\u0119\u015bci.\r\n* P\u0142atno\u015b\u0107 za us\u0142ugi dokonywana jest na miejscu GOT\u00d3WK\u0104, KART\u0104, PRZELEW, BLIK&nbsp;\r\n* Dla Firm wystawiamy pe\u0142n\u0105 Faktur\u0119 23% VAT.[\/vc_column_text][\/vc_column][\/vc_row]<!-- \/wp:post-content -->","protected":false},"excerpt":{"rendered":"<p>[vc_row][vc_column][vc_column_text] Pogotowie Komputerowe &#8211; Szybka naprawa w nag\u0142ych przypadkach z DOJAZDEM! Potrzebujesz szybkiej naprawy laptopa lub komputera PC w Krakowie? Nasze Pogotowie Komputerowe oferuje profesjonaln\u0105 pomoc w zakresie naprawy laptop\u00f3w, komputer\u00f3w stacjonarnych, usuwania wirus\u00f3w, napraw\u0119 system\u00f3w po nieudanych aktualizacjach oraz instalacji oprogramowania czy napraw\u0119 sieci internetowej w domu lub w firmie. Pogotowie komputerowe &#8211; to [&hellip;]<\/p>\n","protected":false},"author":1,"featured_media":0,"parent":0,"menu_order":0,"comment_status":"closed","ping_status":"closed","template":"","meta":{"ngg_post_thumbnail":0,"footnotes":""},"class_list":["post-3192","page","type-page","status-publish","hentry"],"rttpg_featured_image_url":null,"rttpg_author":{"display_name":"Krzysztof vel Kadulski","author_link":"https:\/\/abclap.pl\/serwislaptopow\/author\/abclap\/"},"rttpg_comment":0,"rttpg_category":null,"rttpg_excerpt":"[vc_row][vc_column][vc_column_text] Pogotowie Komputerowe &#8211; Szybka naprawa w nag\u0142ych przypadkach z DOJAZDEM! Potrzebujesz szybkiej naprawy laptopa lub komputera PC w Krakowie? Nasze Pogotowie Komputerowe oferuje profesjonaln\u0105 pomoc w zakresie naprawy laptop\u00f3w, komputer\u00f3w stacjonarnych, usuwania wirus\u00f3w, napraw\u0119 system\u00f3w po nieudanych aktualizacjach oraz instalacji oprogramowania czy napraw\u0119 sieci internetowej w domu lub w firmie. Pogotowie komputerowe &#8211; to&hellip;","_links":{"self":[{"href":"https:\/\/abclap.pl\/serwislaptopow\/wp-json\/wp\/v2\/pages\/3192","targetHints":{"allow":["GET"]}}],"collection":[{"href":"https:\/\/abclap.pl\/serwislaptopow\/wp-json\/wp\/v2\/pages"}],"about":[{"href":"https:\/\/abclap.pl\/serwislaptopow\/wp-json\/wp\/v2\/types\/page"}],"author":[{"embeddable":true,"href":"https:\/\/abclap.pl\/serwislaptopow\/wp-json\/wp\/v2\/users\/1"}],"replies":[{"embeddable":true,"href":"https:\/\/abclap.pl\/serwislaptopow\/wp-json\/wp\/v2\/comments?post=3192"}],"version-history":[{"count":23,"href":"https:\/\/abclap.pl\/serwislaptopow\/wp-json\/wp\/v2\/pages\/3192\/revisions"}],"predecessor-version":[{"id":3221,"href":"https:\/\/abclap.pl\/serwislaptopow\/wp-json\/wp\/v2\/pages\/3192\/revisions\/3221"}],"wp:attachment":[{"href":"https:\/\/abclap.pl\/serwislaptopow\/wp-json\/wp\/v2\/media?parent=3192"}],"curies":[{"name":"wp","href":"https:\/\/api.w.org\/{rel}","templated":true}]}}